 246?
123
What is the greatest common divisor of 18 and 2502?
18
What is the highest common factor of 171 and 18?
9
Calculate the greatest common divisor of 1577 and 19.
19
What is the greatest common divisor of 36 and 948?
12
What is the highest common factor of 24 and 2130?
6
Calculate the greatest common divisor of 1659 and 158.
79
What is the greatest common divisor of 12 and 2292?
12
What is the highest common factor of 25 and 200?
25
What is the greatest common factor of 52 and 6474?
26
What is the highest common factor of 3 and 10?
1
What is the greatest common divisor of 37007 and 23?
23
What is the greatest common divisor of 9 and 4392?
9
What is the highest common factor of 10 and 61?
1
Calculate the greatest common factor of 39 and 7.
1
What is the highest common factor of 13 and 130?
13
Calculate the greatest common factor of 949 and 26.
13
Calculate the greatest common factor of 45 and 1611.
9
What is the greatest common divisor of 14715 and 9?
9
Calculate the highest common factor of 45 and 480.
15
What is the highest common factor of 91 and 21?
7
Calculate the greatest common divisor of 576 and 2048.
64
Calculate the highest common divisor of 60 and 780.
60
Calculate the highest common factor of 14 and 497.
7
What is the greatest common divisor of 44 and 55?
11
Calculate the greatest common divisor of 58 and 9454.
58
Calculate the highest common divisor of 12 and 114.
6
What is the highest common divisor of 1720 and 20?
20
What is the highest common divisor of 26 and 247?
13
Calculate the highest common factor of 1560 and 156.
156
Calculate the greatest common factor of 483 and 21.
21
Calculate the highest common divisor of 203 and 783.
29
What is the greatest common factor of 32 and 320?
32
What is the highest common divisor of 96 and 636?
12
Calculate the highest common divisor of 143 and 104.
13
Calculate the highest common divisor of 95 and 76.
19
Calculate the greatest common divisor of 64 and 96.
32
Calculate the greatest common divisor of 4077 and 54.
27
What is the highest common divisor of 29 and 1189?
29
What is the highest common divisor of 2772 and 21?
21
Calculate the greatest common divisor of 567 and 21.
21
What is the highest common factor of 25 and 125?
25
What is the highest common factor of 21186 and 428?
214
What is the greatest common factor of 16548 and 84?
84
Calculate the highest common divisor of 58 and 1073.
29
What is the highest common divisor of 4785 and 30?
15
Calculate the highest common divisor of 24 and 84.
12
Calculate the highest common factor of 5 and 195.
5
What is the highest common factor of 676 and 507?
169
Calculate the highest common factor of 1375 and 165.
55
What is the highest common factor of 12 and 8868?
12
What is the greatest common divisor of 550 and 200?
50
Calculate the highest common divisor of 54 and 4617.
27
Calculate the greatest common factor of 24 and 348.
12
Calculate the greatest common divisor of 434 and 56.
14
Calculate the greatest common factor of 2899 and 13.
13
Calculate the highest common factor of 2574 and 377.
13
What is the greatest common factor of 529 and 23?
23
Calculate the highest common divisor of 42 and 6573.
21
Calculate the greatest common factor of 63224 and 56.
56
What is the highest common divisor of 9 and 51?
3
Calculate the greatest common factor of 40 and 30.
10
Calculate the highest common factor of 713 and 46.
23
Calculate the greatest common divisor of 427 and 671.
61
What is the greatest common divisor of 2520 and 14840?
280
Calculate the highest common divisor of 26 and 442.
26
What is the highest common factor of 2 and 2462?
2
What is the greatest common factor of 54 and 135?
27
What is the greatest common factor of 78 and 390?
78
Calculate the greatest common factor of 5152 and 1610.
322
Calculate the greatest common factor of 7 and 133.
7
What is the greatest common factor of 87 and 58?
29
Calculate the highest common divisor of 49 and 91.
7
What is the greatest common factor of 20 and 195?
5
What is the greatest common divisor of 248 and 8?
8
What is the greatest common factor of 860 and 16?
4
What is the highest common factor of 174 and 1653?
87
What is the greatest common factor of 3 and 15?
3
What is the highest common factor of 28252 and 4?
4
Calculate the highest common factor of 282 and 150.
6
Calculate the greatest common divisor of 17 and 51.
17
What is the highest common factor of 9 and 1143?
9
What is the highest common factor of 49 and 1813?
49
Calculate the highest common divisor of 209 and 550.
11
Calculate the greatest common divisor of 424 and 64.
8
Calculate the highest common factor of 318 and 2120.
106
Calculate the highest common divisor of 46 and 7613.
23
What is the highest common divisor of 16104 and 528?
264
Calculate the highest common factor of 7 and 344.
1
What is the greatest common divisor of 10 and 24370?
10
What is the greatest common divisor of 190 and 10?
10
Calculate the highest common divisor of 1900 and 76.
76
Calculate the highest common factor of 9540 and 450.
90
Calculate the greatest common factor of 551 and 19.
19
What is the highest common factor of 9474 and 12?
6
What is the highest common divisor of 6496 and 210?
14
What is the highest common divisor of 40 and 5080?
40
What is the greatest common factor of 40 and 296?
8
Calculate the highest common factor of 1742 and 26.
26
What is the greatest common divisor of 15 and 2535?
15
Calculate the greatest common divisor of 4384 and 32.
32
Calculate the highest common factor of 5824 and 91.
91
Calculate the highest common factor of 3 and 294.
3
Calculate the greatest common divisor of 35 and 40.
5
Calculate the highest common factor of 93 and 124.
31
What is the highest common divisor of 155 and 47585?
155
What is the highest common factor of 106 and 12667?
53
What is the highest common divisor of 28 and 112?
28
What is the greatest common divisor of 10848 and 24?
24
Calculate the highest common factor of 43 and 1376.
43
What is the greatest common factor of 180 and 144?
36
What is the greatest common divisor of 110 and 2?
2
Calculate the highest common divisor of 169 and 143.
13
Calculate the highest common factor of 16287 and 183.
183
Calculate the greatest common factor of 30288 and 24.
24
What is the greatest common factor of 10 and 5690?
10
What is the highest common divisor of 686 and 14?
14
Calculate the highest common factor of 32 and 80.
16
What is the highest common divisor of 190 and 266?
38
What is the highest common divisor of 915 and 366?
183
What is the greatest common divisor of 39 and 36543?
39
Calculate the highest common factor of 390 and 110.
10
What is the greatest common factor of 96 and 378?
6
What is the highest common factor of 279 and 31?
31
What is the highest common divisor of 27219 and 129?
129
Calculate the highest common factor of 115 and 621.
23
What is the highest common divisor of 5 and 755?
5
What is the highest common factor of 296 and 24?
8
What is the highest common factor of 5952 and 186?
186
What is the highest common factor of 150 and 20?
10
Calculate the greatest common factor of 64 and 48.
16
What is the highest common factor of 273 and 169?
13
Calculate the highest common factor of 5772 and 195.
39
Calculate the greatest common factor of 1719 and 9.
9
What is the greatest common divisor of 493 and 85?
17
What is the greatest common factor of 29118 and 138?
138
What is the greatest common divisor of 36 and 54?
18
Calculate the highest common divisor of 2 and 9.
1
What is the greatest common divisor of 448 and 616?
56
Calculate the highest common divisor of 286 and 88.
22
Calculate the greatest common factor of 93 and 775.
31
What is the highest common factor of 38 and 1748?
38
What is the highest common divisor of 209 and 77?
11
Calculate the highest common factor of 1794 and 117.
39
Calculate the highest common divisor of 400 and 16.
16
What is the highest common divisor of 204 and 289?
17
Calculate the highest common divisor of 28 and 308.
28
What is the greatest common factor of 62 and 62?
62
Calculate the highest common divisor of 384 and 10656.
96
Calculate the highest common factor of 852 and 12.
12
Calculate the greatest common divisor of 664 and 24.
8
Calculate the greatest common factor of 12 a